Let d(b) = -b**2 + 15*b - 6. Let a be d(18). Let m = a + 62. Suppose -m*v + 134 + 32 = 0. What are the prime factors of v?
83
What are the prime factors of 18/4*81184/1548?
2, 59
Let b(f) = -f**2 - 9*f - 20. Let y(m) = -m + 1. Let h(t) = b(t) + 6*y(t). Let c(a) = -a**2 + 13*a - 21. Let j be c(12). List the prime factors of h(j).
2, 5
Let c = 24925 - 13634. What are the prime factors of c?
7, 1613
Suppose 10*b + 159 = -221. Let m = b - -42. Suppose 6*u - 273 = 3*u + m*l, 383 = 4*u + l. List the prime factors of u.
5, 19
Let g(a) = -a**2 - 23*a - 17. Let t be g(-22). Suppose v - t = 2*p - 3, 14 = 4*v - 2*p. Suppose -3*n = -v*n + 4. What are the prime factors of n?
2
Let b = -11276 - -22428. List the prime factors of b.
2, 17, 41
Let y = -9138 - -28840. What are the prime factors of y?
2, 9851
Let x(n) = -2*n**3 - 4*n**2 + 12*n + 6. Let k be x(-5). Let i = 194 - k. Let h = i + -24. List the prime factors of h.
2, 37
Let u = -8910 - -8917. What are the prime factors of u?
7
Let u(v) = v**3 + 4*v**2 - 3*v - 7. Let n be u(-4). Suppose -n*a - 1644 = -17*a. What are the prime factors of a?
137
Let v(n) = n + 31. Let o be 4/(-24) - (-178)/(-12). Let u be v(o). Suppose 244 = 4*d + u. What are the prime factors of d?
3, 19
Let d = -36540 + 66597. List the prime factors of d.
3, 43, 233
Suppose 11*u - 87 + 10 = 0. List the prime factors of 23598/42 + (-6)/u.
3, 11, 17
Suppose 5*t = h - 16, -t - 14 = -2*h - 0*t. Suppose -54 = 3*v - h. What are the prime factors of (v/12)/(4/(-18))?
2, 3
Let d(s) be the first derivative of -s**4/4 + 16*s**3/3 - 3*s**2 + 28*s + 7. Let n be d(12). Suppose -7*j + n = -3*j. What are the prime factors of j?
7, 19
Let s(o) = -o**3 - 9*o**2 - 8*o - 6. Let w be s(-8). List the prime factors of 346*((-9)/w)/(9/3).
173
Suppose -5*m - 4*t + 26 = 0, -12 + 0 = -3*t. Suppose 0*b - b = m*a - 66, -8 = 2*b. Suppose 2*v = 77 + a. What are the prime factors of v?
2, 7
Let c be (-4)/(-24) - 55/6. List the prime factors of (3333/c)/(-1) - (-4)/(-12).
2, 5, 37
Let c = 1756 + -2467. Let b = c + 1342. Suppose 9*o - b - 62 = 0. List the prime factors of o.
7, 11
What are the prime factors of 37*(4392/(-6))/(-12)?
37, 61
Let p = 1050 - 0. Let z = -728 + p. List the prime factors of z.
2, 7, 23
Suppose 5*k - 14675 = 5*v, 123*k - v = 128*k - 14681. What are the prime factors of k?
2, 367
Let m(h) = 2*h**3 - 2*h**2 - h - 2. Suppose -17*w + 13*w = -8. Let n be m(w). Suppose 0 = 5*i + 5*d - 70, -17 - 30 = -3*i - n*d. List the prime factors of i.
3
Suppose -108518 = -84*q + 143566. List the prime factors of q.
3001
Let u(n) = -n**3 + 13*n**2 - 16*n - 8. Suppose 3*l = -3*l + 18. Suppose -l*x = -c - 6, 0*c = 5*c + 3*x - 60. List the prime factors of u(c).
2, 43
What are the prime factors of ((-1615)/(-170))/((6/844)/3)?
19, 211
Suppose 4*r - 6*r + 188 = 0. Suppose n + 3*i - r = -0*i, -n + 3*i = -76. Let b = -31 + n. List the prime factors of b.
2, 3
Suppose 0 = 5*w - 0 - 20. List the prime factors of ((-2322)/w - -3)*16/(-20).
2, 3, 7, 11
Let o be (-10)/2 + (5 + -8)*-3. Let k = 35 - 21. What are the prime factors of o/k + (-2241)/(-21)?
107
Let q(w) = w**3 - 6*w**2 - w + 6. Let m be q(7). Suppose 6*y + 0*y = 24. Suppose m + 24 = y*a. List the prime factors of a.
2, 3
Suppose 5*y + 5 = -4*f + f, 0 = 4*y - f - 13. Suppose 5*t + 1015 = c - 1288, y*t - 4*c = -932. List the prime factors of 3 - (-5)/((-25)/t).
5, 19
Let q = -14 - -62. Let i = q - 51. Let y = 102 + i. What are the prime factors of y?
3, 11
Let x = 10922 - 2531. What are the prime factors of x?
3, 2797
Suppose -4*z - 5*n + 25 = -9*z, 4*z + 5*n = 25. Suppose t - 5*d - 102 = 0, 4*t - 3*d = -z*d + 391. Let r = -40 + t. List the prime factors of r.
3, 19
List the prime factors of (11910/4 - -3)*(-12250)/(-735).
5, 1987
Let z(f) = -25*f - 60 - 41*f + 10. List the prime factors of z(-4).
2, 107
Suppose -3*u + 3474 = 2587*t - 2582*t, -2*t = -2*u - 1396. What are the prime factors of t?
2, 3, 29
Let h = -596 + 598. Suppose 0 = -9*u + h*u + 511. List the prime factors of u.
73
Suppose -29*b + 2*b = 31*b - 207930. List the prime factors of b.
3, 5, 239
Suppose 2*k + 1 - 19 = -4*h, 4*h + 4*k - 16 = 0. Suppose 5*t + h*s = 2*t - 12, -5*t - 20 = 3*s. What are the prime factors of t/(-6) - ((-427)/3 + 5)?
2, 3, 23
Let r be (-29 - 1)*(5490/(-27))/5. Suppose 0 = q - 0 - 14. Suppose q*z - 4*z = r. List the prime factors of z.
2, 61
Suppose 4850*b - 4840*b = 117190. What are the prime factors of b?
11719
Let l(c) = 77*c**2 + 24*c + 36. List the prime factors of l(6).
2, 3, 41
Let m = -384 - -855. Suppose 1077 + m = 4*t. What are the prime factors of t?
3, 43
Let g be 3 + 2 + (3 - 11). Let n be (2*(g - -2))/(3 + -4). Suppose -3*z - 285 = -4*k + k, 5*k + n*z - 510 = 0. List the prime factors of k.
2, 5
Let v(w) = 12*w**2 + 5*w**2 + 12*w**2 + 1 + w + 0*w. Suppose 8 = -5*d + 2*x - x, -x + 2 = d. List the prime factors of v(d).
29
Let i(p) = -11*p - 80. Let r(x) = -8*x - 5. Let l be r(2). List the prime factors of i(l).
151
Suppose 4*m + 2*p = 38, -1 = m - 6*p + 3*p. Suppose -m*r + 57 = -5*r. Let i(f) = 2*f**2 - 25*f - 64. List the prime factors of i(r).
3, 61
Let j(g) = 9*g**2 - 7*g - 4. Suppose 5*d + 15 = 0, -5*z - 6*d = -3*d - 156. Let q = 29 - z. What are the prime factors of j(q)?
2, 3, 7
Let i(v) = 6*v**2 + 2*v - 125. What are the prime factors of i(39)?
7, 1297
Let k = 58 + -49. Suppose -4*x + x = k, x = 5*i - 578. Let r = -45 + i. List the prime factors of r.
2, 5, 7
Suppose -2*j = 5*p - 6620, 0*j - 3*j + 2637 = 2*p. Suppose 81*m - 84*m = -p. Suppose f = -f + m. What are the prime factors of f?
13, 17
Let v be 0 + -2 - (-7)/(21/12). Suppose -v*o + 241 - 61 = 0. Let c = o - -57. What are the prime factors of c?
3, 7
Suppose -3*j - 4*c = -6*j - 2, 3*c + 3 = 3*j. Let x = 1265 + -1266. What are the prime factors of (j/(-9))/(x/213)?
2, 71
Suppose 0 = -x + 5*i + 2856, -13*x = -17*x + i + 11500. What are the prime factors of x?
2, 719
Suppose 0 = 12*k + 68*k - 1563520. List the prime factors of k.
2, 7, 349
Let q(a) = 768*a + 9887. List the prime factors of q(66).
5, 2423
Suppose -4*f + 4 = -5*o - 7, 5*f - o - 19 = 0. Suppose q + f*q + 5 = 0. List the prime factors of 2/((-8)/(-180)) - q.
2, 23
Let q(r) = 213*r**3 + 6*r**2 - 5*r - 10. Let d be q(2). Let z = d + -405. List the prime factors of z.
1303
Let j = -203 - -198. What are the prime factors of ((-4)/10)/(j/6950)?
2, 139
List the prime factors of 8/56 + -1 - 26396/(-7).
2, 5, 13, 29
Let n be (-2174)/(-10)*(-5)/(-1) + 4. Let q = -758 + n. List the prime factors of q.
3, 37
Let g = -97 + 97. Suppose 0 = -3*m - 2*a + 284, 2*a + g*a = -m + 100. What are the prime factors of m?
2, 23
Suppose 646*a = 668*a - 303974. List the prime factors of a.
41, 337
Suppose -125*w = 75*w + 10*w - 8956080. What are the prime factors of w?
2, 3, 1777
Suppose 1345 = -5*f - 325. Let n = f - -1014. List the prime factors of n.
2, 5, 17
What are the prime factors of ((-1)/3 - 0) + 2967160/840?
2, 883
Let k be ((-11)/(-22))/((-1)/4). List the prime factors of (7 - 4) + k + 300.
7, 43
Let p(o) = -37*o - 17. Let f(d) = 5*d**2 - 2*d - 5. Let w be f(5). Let g = w + -115. What are the prime factors of p(g)?
2, 3, 7
Suppose -11952 = -4*b + 4864. Suppose 5*l + 2*q = -0*q + b, -3*q - 2535 = -3*l. What are the prime factors of l?
2, 421
Let b(w) = 5196*w - 133. What are the prime factors of b(1)?
61, 83
Let t(z) = 12*z**2 - 137*z + 29. List the prime factors of t(-15).
2, 13, 23
Let o = 10767 - 9227. What are the prime factors of o?
2, 5, 7, 11
Suppose -5*a + 42 = 17. Let c = 4321 - 4187. List the prime factors of 5/(a/c) + (-4 - -7).
137
Suppose 2*r = 2*a + 44, 3*a + 90 = 6*r - 9*r. Let p(s) = -s**2 - 47*s + 147. List the prime factors of p(a).
3, 7, 11
Suppose -4*b - 5*t + 35105 = 0, -17*t + 17555 = 2*b - 12*t. List the prime factors of b.
3, 5, 13
Suppose -2*s = 4, 2*o - 5*s - 31 = -o. Suppose 0 = -4*a - o + 19, 0 = u + a - 13. Suppose u*n - 330 = -30. List the prime factors of n.
2, 3, 5
Suppose -5*z + 225 = -2*z. Suppose -93 = 2*p - q, 0*p + 3*q - 138 = 3*p. Let m = z + p. What are the prime factors of m?
2, 7
Let r be 0 - 6*(0 - 3). Suppose -r*o + 6112 = -5012. What are the prime factors of o?
2, 3, 103
Let r be (-4)/1 + 40 + -44. What are the prime factors of r - -6 - 4 - -1401?
3, 5, 3